of b(f)?
3
Let n(a) = -6*a + 24. Suppose -3*r - 161 = -5*f + r, -2*f - 2*r + 68 = 0. Suppose -2*y - 3*s + 2*s - 21 = 0, -2*y - 5*s - f = 0. List the prime factors of n(y).
2, 3, 13
Suppose -289*j + 2090454 + 5391467 = 0. What are the prime factors of j?
25889
Let n(q) = 2*q**3 - 5*q**2 + 3*q + 5. Suppose 5*m + 6*d - d = 100, -5*m = -d - 106. Let l = 25 - m. List the prime factors of n(l).
5, 13
Suppose -a + 292 = -2*n - 951, a - 5 = 0. Let k = n + 1109. Let q = k + -279. List the prime factors of q.
211
Suppose 23*j + 6767329 = 114*j - 627786. What are the prime factors of j?
5, 16253
Let d(r) = 7432*r + 2900. What are the prime factors of d(1)?
2, 3, 7, 41
Let b(h) = -h**3 - 3*h**2 + 2*h + 5. Let n be b(-4). Suppose 559 + n = 2*m. List the prime factors of m.
2, 11, 13
Suppose -5*a = 5*m - m - 1143, -4*a = m - 283. Suppose -d + 279 = -2*q - m, -3*d - 4*q + 1648 = 0. What are the prime factors of d?
2, 139
Suppose 35*u - 15*u - 80340 = 0. Suppose -4*l - 1075 = -5*y + u, 4070 = 4*y - 5*l. List the prime factors of y.
2, 3, 5, 17
Suppose y + y + 9 = -5*j, -2*j + 22 = 4*y. Suppose 896 = -y*l + 7760. List the prime factors of l.
2, 3, 11, 13
Let u be (-8)/(-2) + (-64 - 2). Let a = 94 + u. What are the prime factors of a?
2
Let w be (105/75)/(2/(-10)). Let o(h) = -41*h - 6. List the prime factors of o(w).
281
Suppose 188 = c + 5*t - 185, 3*t - 767 = -2*c. Suppose 3*s - z + 284 = 0, c = -s - 3*s - z. Let q = 211 + s. List the prime factors of q.
5, 23
Let p = -11 - -12. Let d = p + 3. Suppose a + 2*s - 180 = 0, -d*a - 4*s + s = -725. What are the prime factors of a?
2, 7, 13
Let n = 41722 + -20856. What are the prime factors of n?
2, 10433
Let q(j) = -2*j**3 + 8*j**2 + 7*j + 15. Let l be q(5). Suppose -54*v + 18759 + 519 = l. What are the prime factors of v?
3, 7, 17
Let k = 14 - 14. Suppose k = -d - 1 - 3, -4*d = 4*q - 7672. What are the prime factors of q?
2, 31
Let u(q) = -2*q**3 + 10*q**2 - q + 21. Let z = 128 - 70. Let s = 63 - z. What are the prime factors of u(s)?
2
Let o(d) = 16*d + 82. Let v(c) = 16*c + 82. Let x(r) = 2*o(r) - 3*v(r). What are the prime factors of x(-25)?
2, 3, 53
Let s = -4248 - -4362. Suppose 0 = 3*g + 2*a, -g = 3*g + 4*a. Suppose n + z = -n + s, n - 5*z - 68 = g. List the prime factors of n.
2, 29
Suppose 11*n - 747 = -714. Suppose -19*a - 613 = -20*a - y, 0 = 4*a + n*y - 2450. What are the prime factors of a?
13, 47
Let k(c) = -2*c + 14. Let q be k(9). What are the prime factors of 1*(680 - q)/4?
3, 19
List the prime factors of 0 + 31/((-155)/(-27790)).
2, 7, 397
Let q = 56742 - 23803. List the prime factors of q.
32939
Suppose 0 = -2*p - 2*p - 12. Let g be 1*p*1*(-666)/(-27). Let n = 149 + g. List the prime factors of n.
3, 5
What are the prime factors of 65*17/((-34)/(-98))?
5, 7, 13
Suppose -5*f = -k - 14482, -3*f - 2*k = -0*f - 8710. List the prime factors of f.
2, 3, 7, 23
Let v be (-4)/(-8)*6 - 150/10. List the prime factors of v/15 + 7696/20.
2, 3
Suppose 3*n - i - 43 = 4*i, -2*n - 2*i = -2. What are the prime factors of n*((-621)/2)/(-3)?
3, 23
Let f(l) = -25*l - 162. Let g be f(6). Let m = g - -380. What are the prime factors of m?
2, 17
Let m(j) = -58*j - 13. Let d be m(-6). Let f be d - 12/9*-3. List the prime factors of f*3/9 - -1.
2, 3, 19
Let j(p) = -p + 32. Let n be j(24). Suppose 1 = n*v - 4863. What are the prime factors of v?
2, 19
Let m(p) = p**2 - p. Let f be m(1). Let r = 1429 - 1425. Suppose -2*z - 3*z + 4*t + 49 = f, -t = -r*z + 48. What are the prime factors of z?
13
Suppose 7*a - 3*a = -5*f - 219, 0 = 4*a - 5*f + 189. Let t = -13 + a. Let c = -57 - t. What are the prime factors of c?
7
Suppose -5*a - 34 = s, 2*a = -3*s - s - 82. Let t(m) = -m**2 - 90*m + 44. List the prime factors of t(s).
7, 199
Let x = 40 - -1159. Suppose 2*s - 1358 = -2*v, -3*v + s = -838 - x. List the prime factors of v.
7, 97
Let r(i) = 238*i**2 - 10*i - 23. Let o be r(-4). Suppose -w - o = -6*w. What are the prime factors of w?
3, 5, 17
Suppose j + 49 = 53. Let p be j/18 + 62686/117. Suppose -3*a + p = -0*a - 5*w, -4*a + 4*w + 728 = 0. List the prime factors of a.
11, 17
Let n = 72505 + -42172. List the prime factors of n.
3, 10111
Let m be (-21)/(504/16)*(-1086)/4. Let z = m + 42. What are the prime factors of z?
223
What are the prime factors of 122325/(-30)*(-1 + -1)?
5, 7, 233
Suppose -17*a + 4 = -15*a. Suppose f - 64 = -a*r + 99, r = 2*f - 346. What are the prime factors of f?
3, 19
List the prime factors of (-29973)/(9/(-30)*5).
2, 97, 103
Suppose -91 - 229 = -8*y. Suppose 0 = -42*u + y*u + 1264. What are the prime factors of u?
2, 79
Let v(j) = 52*j - 39. Let l be v(16). Suppose 0 = -4*r - 2*p + 463 + 355, 4*r = 3*p + l. What are the prime factors of r?
2, 101
Let i be -4 - 3/(12/(-8)). Let m be -1*(-4 - 0) + 0/i. Suppose -m*u + 6*u - 3*f - 142 = 0, 0 = 4*u + f - 284. List the prime factors of u.
71
Suppose 5*y + 0*w = -4*w + 1493, -2*y + 3*w + 588 = 0. Suppose -182 = -3*p + 3*t - 8*t, -2*t + y = 5*p. What are the prime factors of p?
59
Suppose -q = 2, -90*t = -89*t - 4*q - 4894. What are the prime factors of t?
2, 7, 349
Let t(w) = -5*w + 0*w**2 + w - 2 + 35*w**2 + 20*w**2. List the prime factors of t(4).
2, 431
Let q(n) = -n**3 - 27*n**2 - 195*n - 20. What are the prime factors of q(-21)?
1429
Suppose -2*o - 2*b + 7 = -11, -3*b + 32 = 4*o. What are the prime factors of (-5)/(o/6) - -356?
2, 5, 7
Let q = 8078 - 3065. List the prime factors of q.
3, 557
Suppose 265*v = 126*v + 4159992. What are the prime factors of v?
2, 3, 29, 43
Let w be (0/2)/((2 - 7)/(-5)). Suppose w*y + y = -2*a - 147, 741 = -5*y - 4*a. Let n = y - -152. List the prime factors of n.
3
Let x be (8/3)/1*(-30870)/(-840). Suppose -107*p + x*p + 810 = 0. What are the prime factors of p?
2, 3, 5
Let h(l) = -4*l**2 + 56 + 0*l**2 - 12*l**2 + 17*l**2 + 12*l. List the prime factors of h(24).
2, 5, 23
Let y = -1724 - -539. Let d = -683 - y. What are the prime factors of d?
2, 251
What are the prime factors of (5 - 715/91)*(-7)/(-2)*-1451?
2, 5, 1451
Let b = -7616 - -17089. What are the prime factors of b?
9473
Let w be ((-11)/((-66)/12))/(4/446). Suppose 3*p - 521 = w. What are the prime factors of p?
2, 31
Let q be (-4)/(-6) - (-8)/(-12). Suppose q = -12*m - 2210 - 658. Let h = 379 + m. List the prime factors of h.
2, 5, 7
Suppose 3*s - 9 = 0, s = -3*r - 6 - 0. Let y be (-10)/(-5) + -3 - r. Suppose 156 = 4*h - 4*n, -5*h + y*n = -0*h - 186. What are the prime factors of h?
2, 3
Let i = -399 - -1298. Suppose -8*d + 4*w - i = -11*d, 4*w = d - 305. What are the prime factors of d?
7, 43
Let w = -125 - -127. What are the prime factors of ((-27222)/(-156))/((w/(-4))/(-1))?
349
Let r = -435 - -443. What are the prime factors of 2*(2708/r + 3 + 4)?
691
Let f(d) = -2*d**2 - 64*d - 2. Let z be f(-32). List the prime factors of z/(3 - (-5 + 9)) - -326.
2, 41
Suppose j - 188344 = -4*u - 2*j, 2*u + 5*j = 94158. What are the prime factors of u?
7, 31
Suppose 39*u - 1043982 = 13*u - u. List the prime factors of u.
2, 19333
Suppose -80 = 30*t + 40. What are the prime factors of 2 - (4 + -503 - t)?
7, 71
Let x(b) = 20*b**2 + 5*b + 10. Let o = 547 + -551. What are the prime factors of x(o)?
2, 5, 31
Suppose 5*j = 5*z - 27220, -24*j + 20*j - 5429 = -z. List the prime factors of z.
5449
Let v(s) = 23*s - 253. Let x be v(12). Suppose 16*t = x*t - 2933. List the prime factors of t.
419
Let v = 115 + -75. Suppose -3565 - 17355 = -v*g. List the prime factors of g.
523
Let k(o) = -o**2 + o + 28. Let y(h) = 6*h - 4. Let j be y(4). Suppose -j*x + 15*x = 0. What are the prime factors of k(x)?
2, 7
Let l(c) = -c**2 - 22*c - 50. Let b be l(-15). Suppose -5*k = 6*k - b. Suppose 1 = -m - 4, 610 = 5*f - k*m. List the prime factors of f.
3, 13
Let m be 6 + (-6845)/(-15)*-3. Let q = 2853 + m. What are the prime factors of q?
2, 5, 149
Let l = 354 - 349. Suppose -5*j = l*o - 5215, 5*j = -3*o + 561 + 2574. List the prime factors of o.
2, 5, 13
Let r(v) = 2984*v + 37. List the prime factors of r(1).
3, 19, 53
Let k be -6 - (-751 + 3/(-1)). Let g = k + -385. What are the prime factors of g?
3, 11
Suppose -3*p + 5*p = 34*p - 603776. List the prime factors of p.
2, 53, 89
Let u = -123 + 126. Suppose -2*h - 2*h = -d - 1783, 0 = u*h - 2*d - 1336. What are the prime factors of h?
2, 223
Suppo